2 + 3*m - 1. Let c be i(4). What is p(c)?
0
Let g(v) = -3 - 1 - 11258*v + 4 + 11257*v. Calculate g(4).
-4
Let o(x) be the second derivative of x**4/24 + 5*x**3/6 - 9*x**2 + 13*x. Let r(j) be the first derivative of o(j). Give r(6).
11
Let b(m) = -65*m**2 - 30 + 110*m**2 - 33 - 44*m**2 + 2*m. Determine b(-9).
0
Suppose 0 = -7*j - 8*j + 120. Let y(d) = d**2 - 5*d + 3. Calculate y(j).
27
Let l(x) = x**2 - 9*x - 6. Suppose -o = -5*g - 22, -3*o + o - g + 11 = 0. Determine l(o).
-20
Let p(z) = -3*z**3 - 14*z**2 + 5*z - 7. Let c(h) = 2*h**3 + 7*h**2 - 3*h + 4. Let s(t) = 5*c(t) + 3*p(t). What is s(7)?
-1
Suppose -3*q = 2*u + 9, 2*u = -2*u - 5*q - 15. Suppose 17*t - 68 = -u. Let c(m) = -m + 3. Give c(t).
-1
Let t(m) be the first derivative of -m**3 + m**2 - m + 2. Let r = -19 - -21. Suppose 3*g = r + 1. What is t(g)?
-2
Let g(j) be the first derivative of 0*j - 21 - 1/2*j**2. What is g(5)?
-5
Suppose 2*q - 10 = -0*q. Let z(w) = 15*w + 1. Let u(r) = 7*r - 2*r + 2*r. Let b(k) = 13*u(k) - 6*z(k). Calculate b(q).
-1
Let a(x) = 265 - 12*x - 88 - 81 - 93. Suppose -4*h - 14 = -3*m, 0*m + 14 = 4*m - 3*h. What is a(m)?
-21
Let i(a) = -3*a + 52. Suppose 0 = -84*q + 1198 - 22. Give i(q).
10
Let o(y) = 32*y**3 - 103*y**3 - 4*y**2 + 1 + 33*y**3 + 39*y**3 + 5*y - 8. What is o(2)?
-5
Let a(i) = 10*i**3 - i**2 + i - 1. Let u(b) = 61*b**3 - 16*b**2 - 4*b - 14. Let r(x) = 6*a(x) - u(x). Calculate r(11).
-3
Let z(x) = x + 8. Let q be z(-16). Let r(h) = -3*h - 20. Determine r(q).
4
Let u(c) = -4*c**3 + c - 1. Let z be -2 + 5 + (-14)/7. What is u(z)?
-4
Suppose 3*j + 2*f = 1, 2*j + 7 = j + 3*f. Let y be -1 - (j*8 - -3). Let d(a) = 2*a - 5*a - 3 - y + 2*a. Give d(-5).
-2
Let z(u) = 97 - 95 + 6*u**2 - u + 0*u**2 - 7*u**2. Give z(-2).
0
Let z(o) = o**3 - 3*o**2 - 4*o + 5. Suppose -a + 51 - 58 = -3*m, -3*m - 4*a + 2 = 0. Calculate z(m).
-7
Let t = -33 - -19. Let p(q) = -q**3 - 14*q**2 + q + 21. Let y be p(-14). Let o be 26/y - t/49. Let g(s) = s**3 - 4*s**2 + s - 3. Calculate g(o).
1
Let w(s) be the first derivative of s + 2 - 2*s**3 - 1/2*s**2. Suppose 0*b - 1 = -b. Give w(b).
-6
Let s(n) = n**2 - 2*n - 2. Let q be s(4). Suppose k = 3*k + q. Let u = 0 - k. Let d(j) = -4*j + 3. What is d(u)?
-9
Let y(h) = -h**2 + 1. Suppose -2*o + 15 = -4*s + 3*o, 20 = -3*s + 2*o. Let p be (-2)/(-3)*(4 + s). Calculate y(p).
-15
Let o(f) = -6*f**2 + f**2 + 1 + 4*f**2. Let i = -28 + 30. Calculate o(i).
-3
Let l(z) = z**2 + 4*z - 5. Let h(t) = -t**2 - 2*t + 7. Let u be h(-3). Let c = 0 - u. Give l(c).
-5
Let g(p) be the third derivative of -p**5/60 + 5*p**4/24 + 2*p**3/3 + 3*p**2 + 2*p. Give g(9).
-32
Let p(r) = r**3 - r**2 + 3. Let q(v) = 6*v + 210. Let d be q(-35). Determine p(d).
3
Suppose 3*q = 4*y + 591, 2*y = -3*q - 310 + 19. Let j be y/(-28) + (-1)/4. Let g(i) = 2*i - 7. Determine g(j).
3
Let x(l) be the first derivative of -5*l**4/4 + 3*l**2/2 + 2*l + 187. Give x(-2).
36
Let s(q) = q**3 + 4*q**2 + 4*q + 2. Let m be s(-2). Suppose 1 = -b + m. Let l(d) = -14*d**3 + d**2 + 4*d**3 + 0*d**2 - b. Calculate l(1).
-10
Let i(k) = 3*k - 4. Let h(f) = 9*f - 9. Let t(w) = -4*h(w) + 9*i(w). Let n be (-4)/6*3/2. Determine t(n).
9
Let k(a) be the first derivative of -2*a + 0*a**3 - 9 - 1/4*a**4 + 1/2*a**2. Calculate k(-2).
4
Let u be 10/(-30) - (-2)/6. Let d = 6 + u. Let b(i) be the second derivative of -i**4/12 + i**3 + i**2/2 + 10*i. Give b(d).
1
Let n(v) be the third derivative of v**6/120 - v**5/12 - v**4/4 - 4*v**3/3 - 3*v**2 - 3. What is n(6)?
-8
Let p(r) = -r - 9. Suppose 99*a = 60*a - 312. Give p(a).
-1
Let t(i) = 6*i - 9. Let d be t(7). Let r = -37 + d. Let s(h) = h**3 + 5*h**2 + 5*h + 3. Determine s(r).
-1
Let p = -3 - 0. Let u(h) be the first derivative of -h**5/20 - h**4/4 - h**3/6 - h**2 - 17*h - 61. Let l(w) be the first derivative of u(w). Give l(p).
1
Let n(w) = 2*w + 10. Let j(p) = 3*p + 11. Let z(s) = 3*j(s) - 4*n(s). Suppose 6*m = 2*m. Let a be m*((-2)/(-4) - 1). Calculate z(a).
-7
Let p(c) = -2*c - 4. Let q(r) = 9*r + 20. Let k(z) = -5*p(z) - q(z). Let u(y) = 2*y**2 - 2*y. Let l be u(2). Determine k(l).
4
Let v(t) be the third derivative of -t**4/24 - 5*t**3/6 - t**2. Suppose 3*a = 5*i + 27 - 3, 0 = -i - a. Let p be (18/15)/i*10. Calculate v(p).
-1
Let n(i) = -i**2 - 10*i + 6. Let x be n(-10). Let v = x + -8. Let s be (0 + 0)/(4/v). Let w(k) = -k**2 + 7. Calculate w(s).
7
Let l(q) be the second derivative of q**3/6 - 2*q**2 + 4*q - 2. Let a = -4 + 4. Suppose -2*s - 2*s - 16 = a. Determine l(s).
-8
Let o(r) be the first derivative of -3*r**4/4 - r**2/2 + 10. Let l = 358 - 359. Determine o(l).
4
Suppose 14*z - 156 = 8*z. Suppose 29*k - z*k - 18 = 0. Let t(v) = -2*v + 5. Calculate t(k).
-7
Suppose 4*l = 2*t - 14, 10*l - 6*l = -5*t - 35. Let s(a) = 4*a + 4. Let p(d) = -d. Let f(q) = p(q) + s(q). What is f(l)?
-11
Suppose 0*v - 2*v + c = 11, -5*v - 41 = 2*c. Let f(p) = -6*p**3 - p**2 - 5*p**2 - 7 - 5*p**2 + 5*p**3 - p + 4*p**2. What is f(v)?
0
Let s(y) be the third derivative of -y**5/60 + 17*y**4/24 - 13*y**3/6 - 24*y**2 - 1. Calculate s(16).
3
Let p(l) = l**3 - 13*l**2 + 11*l + 14. Let x be p(12). Let q(d) = 38 - 26 + d**x + 5*d - 22. Suppose 0*k - 21 = 3*k. Calculate q(k).
4
Let b = 19 + -12. Let k(x) be the third derivative of -x**6/360 + 7*x**5/120 + x**4/4 + x**3 + 2*x**2. Let t(c) be the first derivative of k(c). What is t(b)?
6
Suppose 48*l = 51*l - 6. Let c be (14/6 - l)*(-18)/(-1). Let s(g) = -g**2 + 5*g. What is s(c)?
-6
Let m(w) = 75*w. Let d be 60*((-1)/(-1) - 2). Let y(r) = -r. Let f(a) = d*y(a) - m(a). What is f(-1)?
15
Suppose 0 = -18*q + 11*q - 35. Let h(p) = -p**3 - 7*p**2 - 4*p + 10. Calculate h(q).
-20
Let x(o) = o**2 - 10*o + 20. Let l(k) = -2*k**3 - 13*k**2 - 10*k + 31. Let f be l(-5). Determine x(f).
-4
Let k(i) = i**3 - 7*i**2 - 2*i - 3. Let p be k(6). Let q = 43 + p. Let s(a) = -2*a - 12. Calculate s(q).
4
Let j(k) = 2*k**2 + 4*k - 14. Let z be j(-4). Let i(r) = r**3 - r. Give i(z).
6
Let n(c) = 12*c**2 - 10 - 3*c**2 - 76*c + 75*c - c**3. Determine n(9).
-19
Let y(b) = -309*b - 2. Let w(o) = 77*o - 1. Let v(h) = -4*w(h) - y(h). Let z be 0*(-1 + 4/2). Give v(z).
6
Let b(y) be the first derivative of y**4/4 - 4*y**3/3 + 4*y - 1. Let s be b(4). Let q(o) be the first derivative of -o**3/3 + o**2 + 3*o - 57. Give q(s).
-5
Let l(i) be the third derivative of i**4/6 + i**3/2 + i**2 + 35. Calculate l(-2).
-5
Let q = 34 - 32. Suppose q*j - 29 = 5. Let s = -25 + j. Let p(x) = -2*x - 12. Determine p(s).
4
Let h(t) = t**2 - 6*t - 6. Let l(p) = 2*p**2 - 13*p - 12. Suppose 8*v - 42 = 2*v. Let z(f) = v*h(f) - 3*l(f). What is z(5)?
4
Let f(n) = 3 - 12 + 7 - 7*n + 2*n + 3. Let h be -1*2/4*2. What is f(h)?
6
Suppose 0 = -0*b + 2*b + 12. Let s(h) = 10*h**2 + 2*h + 1. Let g(f) = 7*f**2 + 3*f. Let u(v) = 3*g(v) - 2*s(v). Determine u(b).
4
Let u(p) = -2 + 0*p**2 + 2*p**2 - 11*p**2 + 5*p + 12*p**2 - 2*p**3. Give u(3).
-14
Let y(n) = 5*n**3 - 3*n**2 - 4*n - 4. Let l(r) = 4*r**3 - 2*r**2 - 3*r - 4. Let o(i) = -4*l(i) + 3*y(i). What is o(0)?
4
Let n(g) be the first derivative of -4*g**3/3 + 3*g**2/2 - g - 51. Determine n(3).
-28
Let a(s) = -s**3 + 8*s**2 - 5*s - 15. Let m be a(7). Let b be (1 + 0)/(-2 - m). Let h(g) = 8*g - 1. What is h(b)?
-9
Let w = 583 + -578. Let n(s) be the second derivative of 0 + 5/6*s**3 + 1/6*s**4 + w*s + 3/2*s**2. Calculate n(-3).
6
Suppose x + 2*b = -2, 3 = x + 2*x + 3*b. Let u(t) = t - 3 + 3*t - t. What is u(x)?
9
Let b(n) = -3*n - 15. Suppose 0 = 4*f + 139 - 127, 2*r - 30 = 2*f. Determine b(r).
-51
Let r(m) = -m**3 - 5*m**2 + 5*m - 6. Let d = 6 + -7. Let c be ((-60)/24)/(d/12). Suppose 0*v = -5*v - c. Calculate r(v).
0
Let p(a) = 4*a + 15. Suppose 21*y + 56 + 49 = 0. Determine p(y).
-5
Let m be -3 + (17 - (-12)/(-4)). Let s be (4 - -1)*8/10. Suppose s*l + 5 = -m. Let o(c) = -2*c - 4. Determine o(l).
4
Suppose -3*w = 4*w + 238. Let a = w + 27. Let m(o) = -o**2 - 8*o - 4. Calculate m(a).
3
Let n = 857 + -25. Let w(t) = -827*t + 8 - t**2 + n*t + 0. What is w(6)?
2
Let r(m) = -m**2 - 2. Let g be r(0). Let f(s) = -3*s**3 - 2*s**2 - 4*s - 2. Let a(o) = -13*o**3 - 8*o**2 - 16*o - 8. Let z(b) = -2*a(b) + 9*f(b). Give z(g).
6
Let i be 8 - 14/(-35)*-15. Let a(u) be the second derivative of -5/2*u**2 + i*u - 1/6*u**3 + 0. Give a(-6).
1
Let c(t) = t. Suppose -29 = v